z - 17652 = -l, 0 = -2*l - 3*z - 1759 + 37019. Is (l/(-6))/((-20)/30) composite?
False
Let n be (-3)/(-15) + 1104/80. Suppose -n*a - 254 = -2*g - 10*a, 5*g - 677 = -4*a. Is g a composite number?
True
Let v = 10801 + -7424. Is v composite?
True
Suppose -1463059 = -17*t + 8*t - 4*t. Is t a prime number?
True
Suppose 5*m + 2*u - 318701 = 0, -2*u - 26436 = 2*m - 153914. Is m a composite number?
True
Suppose 0 = -m + 6*m - 80. Let y be (-52)/16 - (-4)/m. Let g(h) = -355*h - 4. Is g(y) a composite number?
False
Suppose 5*s - 157 + 662 = 0. Let d = s - -2410. Is d composite?
False
Let n(l) = -19*l + 148. Let a(r) = 29*r - 221. Let i(p) = 5*a(p) + 8*n(p). Let b be i(11). Suppose 16338 = 4*q + b*q. Is q composite?
True
Let m(x) = 4*x - 24. Let w be m(5). Let l be 2/2 - 82*(-8)/w. Let j = l + 342. Is j composite?
False
Let l(n) = -2*n**3 + 82*n**2 - 13*n + 47. Let f be l(41). Let x = f - -1427. Is x a composite number?
False
Suppose -143*o = -184*o + 5882557. Is o a composite number?
False
Let l(a) = -5*a - 35. Suppose 36 = -4*p + t, p - 2*t + 15 = -1. Let u be l(p). Suppose 5*q + 3410 = u*w, -3*w = q - 0*q - 2050. Is w a prime number?
True
Is ((-64334)/(-6) + 2)/((-9)/(-27) + 0) composite?
False
Let k = -52 + 63. Suppose 0 = -k*d + 3*d + 10592. Let s = d + -527. Is s a composite number?
False
Let k = 59297 - -6072. Is k a prime number?
False
Let z be (-1 - 3)/(8 + -12). Suppose -n = -a - 1 + 2, 0 = a - 3*n + 3. Is (z - (-1 + a))/(4/(-1172)) prime?
True
Suppose a = 435 + 183. Suppose 5*k + 4*w = a, -3*k - w + 0*w = -375. Suppose -3*c = -141 - k. Is c composite?
False
Let n = -2798 + 2836. Suppose -4*v = 2*k - 118, -9*k + 2*v + 247 = -4*k. Let i = k + n. Is i composite?
False
Suppose 4*i = -13 + 1. Let x be -13 - (21/i - -4). Is (-3572)/x - (-44)/55 a composite number?
True
Suppose -51*n - 16*n + 1605649 = 22*n. Is n a composite number?
False
Let r = 119809 - 61836. Is r prime?
True
Let d(y) = 10*y**2 + 78*y - 8. Let r be d(-8). Let k(j) be the first derivative of 359*j**2/2 + 31*j - 1. Is k(r) composite?
False
Suppose -370 = -5*p + 125. Suppose h - g - 62 = 125, 3*h - 559 = 5*g. Let c = h - p. Is c composite?
False
Is 11477/((6 - 7)*(-7)/7) composite?
True
Let r = 458 - 460. Is r*((-27044)/8 - 0) a prime number?
True
Suppose -s + d = 2*d - 3, -2*s + d + 6 = 0. Suppose 35*w - 16*w - 57 = 0. Suppose s*m + 2*m - 2475 = -4*f, w*m = 4*f + 1517. Is m composite?
False
Let f = 112374 + 515323. Is f a prime number?
False
Let w(c) = 2235*c**2 - 205*c + 1196. Is w(6) a composite number?
True
Let h(u) = u**3 + 8*u**2 + 15*u + 20. Let o be h(-6). Suppose c + 3072 = 2*g, 5*g - o*g - 4599 = -3*c. Is g composite?
True
Let y = -1136 - -3035. Let s(v) = 21*v**2 - 4*v + 7. Let c be s(-7). Suppose -f = -c - y. Is f prime?
True
Suppose 0 = 2*o - k - 9, o = -4*o + k + 15. Suppose -a = -2*c + 1221, 0*c + o*c = -a + 1223. Is c composite?
True
Suppose -i - 26 = -30. Is 14370 - (0 - (-3 + i)) a composite number?
True
Let b be (-60)/90 - 127984/(-6). Suppose -b = -8*p + 22734. Suppose -5*h = -5*i + 12405, 2*i + 574 - p = -5*h. Is i a prime number?
True
Let y(u) = -128*u - 33. Let g be y(14). Let j = -876 - g. Is j prime?
False
Suppose 32*k = 53910 + 132938. Is k prime?
True
Suppose 4*n + 364105 = q, 2*q = -5*n + 442812 + 285359. Is q a composite number?
True
Suppose -687*h + 723*h = 2680380. Is h prime?
False
Suppose -80747177 - 19292400 = -187*m. Is m a composite number?
False
Is 1138 - (-5 + 3) - (-220)/(-44) a composite number?
True
Let j = -1250 + 2134. Suppose -j = -2*x + 510. Let q = 1332 - x. Is q prime?
False
Let b(t) = -t**2 + 11*t - 18. Let h be b(8). Suppose a - h = -v, -v - a + 9 = a. Suppose 3*q = v, s - 4*s - 5*q + 3752 = 0. Is s a composite number?
False
Suppose 14*m + 139727 = 17*m - 4*f, -5*f - 186304 = -4*m. Is m composite?
True
Let o = -207887 - -506142. Is o a composite number?
True
Suppose 8 = -2*w + 2*d, -3*w + 4*d - 14 = -d. Let s be (1823 - -4)/w*(-2)/3. Suppose 3*i - 5*k + 0*k - s = 0, -k = -4*i + 513. Is i composite?
False
Let q = -2993 + -10389. Is q/(-6) + (-76)/(-114) a prime number?
False
Let y(r) = -r - 1. Let f be y(12). Let i(d) = -d**3 - 13*d**2 - 2*d - 18. Let c be i(f). Let w(k) = k**3 - 5*k**2 - 6*k + 5. Is w(c) composite?
False
Let y(w) = -w**3 + 5*w**2 - 4*w + 1. Let m(u) = -u**3 + u - 1. Let p(q) = -2*m(q) + y(q). Let o be p(-6). Is o + 0 + 22 - (0 - -2) a composite number?
False
Let j = 308654 - 176114. Suppose 19*i = 301933 + j. Is i composite?
True
Let v(s) = 1098*s**3 - 3*s**2 - 16*s + 44. Suppose 77 - 86 = -3*y. Is v(y) composite?
True
Suppose 3*o + 3*k = 356388, 5*o - 2*k - 522432 = 71485. Is o a prime number?
True
Let f = -50 + 55. Suppose -4*i = f*h - 9935, 0 = 3*i + 2*h + h - 7452. Suppose -3*k = -i - 2570. Is k a prime number?
False
Let k = -12110 + 67713. Is k a prime number?
True
Let p(r) = -15*r + 66. Let b(w) = w. Let u(h) = -12*b(h) - p(h). Let o be u(23). Suppose -o*j - j = 5*q - 11213, 2*j = 5*q + 5629. Is j a prime number?
False
Is (-89717 + 0)*14/(-4)*(-108)/(-378) composite?
True
Suppose -5*q = 5*u - 70, -3*u - 2*u + 54 = q. Suppose -5*y = -u - 45. Suppose -y*w + 7*w = -376. Is w prime?
False
Suppose 8381*g = 8362*g + 2017249. Is g a composite number?
True
Suppose -47*c = -41*c + 6856320. Is (-10)/6 - (c/(-30))/(-4) prime?
True
Suppose -2*u - 12 = 4*o - 4*u, -4*o - 8 = -4*u. Let w(m) = -98*m**3 + 2*m**2 - 5. Let r be w(o). Suppose 0 = -4*n - k + 5040, 3*k - 2*k - r = -5*n. Is n prime?
True
Let c = -10309 - -10247. Let g be 3/(6/4) + 265. Let a = g + c. Is a composite?
True
Suppose -5*x + 6*x - 3 = 0. Suppose -5*c - 8*g + 16120 = -x*g, -4*c + 4*g + 12888 = 0. Is c a composite number?
True
Let g(s) = 106*s**2 - 35*s + 506. Is g(25) composite?
False
Let t(m) = -95*m - 19. Suppose 0*u = a + 3*u - 7, -3*a = 3*u + 3. Let q be t(a). Suppose -9*b = -2121 + q. Is b prime?
False
Let q be (-1 - 0)*(-12 - -13). Let m(b) = b**2 - 3*b - 1. Let s be m(q). Suppose u - 1541 = 2*z, -5*u + 4*u + 1544 = -s*z. Is u a prime number?
False
Suppose -3*m - m = -20. Let u be 4/(-30) + (-40)/(-300). Suppose m*k - 3180 = -3*s, u = 3*s - 5*k - 779 - 2371. Is s a composite number?
True
Let o(y) = 14*y**2 - y - 23. Let u be o(-17). Let f = u + -1749. Is f a prime number?
False
Is (-5 + 7)/(22/1311497) a composite number?
False
Suppose -138*q - 1091974 = -164*q. Is q composite?
False
Is (1*(-13)/(-39))/((-2)/(-1022838)) prime?
True
Suppose y - 5 = 4*v, 3*v - 4*v = 4*y - 37. Suppose y*n - 23 - 4 = 0. Suppose -n*m = -10*b + 5*b + 9757, b + 3*m = 1937. Is b composite?
False
Let q(v) = 72*v**3 - 50*v**2 + 115*v + 13. Is q(24) a prime number?
True
Let h(k) = 5*k + 124. Let b be h(-24). Suppose -3*w - 2*s + 3*s = -4448, 4*w - b*s - 5944 = 0. Is w a composite number?
False
Let f = -44 - -45. Let w be f*(-1 + (-2)/(-3))*9. Is w - -787 - (-6)/(-2) a composite number?
True
Let a be -5 + 5 + (4 - 16415). Let d = 41144 + a. Is d a composite number?
False
Suppose -33983 = -17*g - 0*g. Let p be -1 + 6*(-4)/(-8). Suppose 0 = s + 7*i - 2*i - 672, g = 3*s - p*i. Is s prime?
False
Suppose -t = -220739 - 39171 - 361031. Is t composite?
True
Suppose -4*c + 39236 = 4*x, -4*c + 54208 - 14966 = x. Is c a composite number?
False
Suppose 9*a - 14*a - 280 = 5*x, 0 = 4*a - 2*x + 230. Is (-1174892)/(-76) - 0 - (-6)/a a prime number?
False
Let g = -145 - -124. Is (-2)/(-2)*(1340 - g) prime?
True
Let w = 33 + -21. Let b(i) = 23 + 21*i**2 - i**2 - w - 3*i - 3*i. Is b(5) a composite number?
True
Let x = -80 + 96. Suppose -8*g + x = -4*g. Suppose -837 = -g*d + 5*r, -4*r - 420 = -2*d - 2*r. Is d a composite number?
True
Suppose 6*p = -5*v + 8*p - 1754, -v = 2*p + 358. Let f = 1141 + v. Suppose 14*s + f = 15*s. Is s composite?
True
Let v be 4144 - -3*6/(-3). Suppose 3*s - 5577 = -5*r + v, 0 = s. Is r a prime number?
False
Let n be (3 + 0 + 0)*464/12. Is 68/(-24)*n*(-24)/16 prime?
False
Is (24 + 77/(-3))/(-1 - (-890392)/890394) a prime number?
False
Suppose -12*s + 26055 = -59741 + 25928. Is s prime?
False
Let t(h) = -h**3 - 6*h**2 + 8*h + 13. Let u be t(-7). Suppose -u*b = -21641 + 4727. Is b a composite number?
False
Let v = 50 + -50. Suppose v = -7*h + 12*h - 35. Suppose 0 = -m + h*m - 7134. Is m a prime number?
False
Suppose 4*r = -2*b - 4, b = -r + 2*r + 10. Let g(k) = 10*k**2 +